.
17
Suppose d + 586 + 281 = 5*o, o = -4*d + 207. Calculate the greatest common factor of 125 and o.
25
Let b = 33 - 12. Let t = -6896 - -7232. Calculate the highest common divisor of t and b.
21
Let l = 205 - 45. Suppose -5*z + 7*p + 373 = 3*p, 2*p = -2*z + l. Calculate the highest common divisor of z and 21.
7
Suppose -5*r + 16548 = -4*m, -12435 = -4*r + 3*m + 804. Calculate the highest common divisor of 48 and r.
48
Let b = 0 + 3. Suppose 7 + 23 = b*g. Suppose -88*u + 454 = 18 - 4. What is the greatest common factor of g and u?
5
Let h(t) = 34 - 24*t + 46*t - 30*t - t**2. Let l be h(-8). Let s(w) = -w + 1. Let o be s(-16). What is the highest common divisor of o and l?
17
Suppose -3*d + 856 = 5*v - 72, -3*v = -3*d - 576. Let b = 314 - v. Calculate the highest common factor of b and 14.
14
Let s = -18692 + 18694. What is the greatest common factor of 242 and s?
2
Suppose -4*f = 2*q + 8, -2*q = 2*q + 5*f + 4. Suppose -m - 36 = -4*v, v = q*v - 4*m - 14. What is the highest common divisor of v and 2?
2
Let i = -15320 + 15377. What is the greatest common divisor of i and 7049?
19
Suppose -n = -3*l - 13, -4*l - 14 = n + n. Let v = 53 + -49. Suppose -30 = -v*x - 2. What is the greatest common divisor of n and x?
1
Let n be (-9)/(-54)*-15*1276/(-5). What is the greatest common factor of n and 462?
22
Let d(q) = 22*q**2 - 62*q + 50. Let f be d(5). What is the highest common divisor of 140 and f?
10
Suppose -y - 4 = -12. Let t be (1 + -2)*15*(3 - y). Calculate the greatest common divisor of 3 and t.
3
Let g be (-2 - -40*6) + (-3 - -3). Suppose -2*h - 21 = -0*c - 3*c, 0 = h + c - 2. Let u be (2/h)/((-22)/1122). What is the greatest common factor of u and g?
34
Let y = -24 - -34. Suppose 3898*a + 325 = 3903*a. Suppose 0 = 11*k - 210 - a. What is the highest common divisor of y and k?
5
Let g = 28998 + -28968. Calculate the greatest common divisor of 13110 and g.
30
Let v be 15/(-225) + 2568/45. Suppose 4 = 2*o - 6, 0 = -q - 3*o + 18. What is the highest common factor of v and q?
3
Let m = 699 - 654. Suppose -4*y - 3188 = -2*c, y + 3*y - 7900 = -5*c. Suppose -49*v + m*v = -c. What is the highest common divisor of v and 44?
44
Suppose 4277 + 11455 = 2*v - r, 7887 = v + 3*r. Calculate the greatest common divisor of 183 and v.
183
Let w = -28 + 58. Let n(o) = -o + 86. Let k be n(w). Let f = k + 168. Calculate the greatest common factor of f and 32.
32
Let h = 19025 - 8217. Calculate the greatest common divisor of h and 56.
56
Let x(u) = 18*u**2 - 17*u - 79. Let d(g) = -9*g**2 + 8*g + 39. Let z(o) = 11*d(o) + 6*x(o). Let i be z(-3). What is the greatest common factor of i and 78?
78
Let u be 6/(-4) - -1 - 543/(-6). Let q = -18 + u. Suppose 54*b - q = 52*b. What is the highest common factor of b and 18?
18
Let i(y) = -2*y**3 + 14*y**2 + 9*y - 26. Let o be i(6). Suppose -93*t - 70 = -o*t. What is the greatest common divisor of t and 30?
10
Let j = -241 + 286. Let h be (-10)/(-4)*(684/j + -2). What is the highest common divisor of h and 154?
11
Let z be ((-225)/(-10))/((-9)/(-12)). Calculate the greatest common factor of z and 190.
10
Let q be (-4 - -1030)/((-2)/((-128)/48)). What is the greatest common divisor of q and 54?
18
Suppose 0 = -2*v + 2*f + 68, 2*v + 3*f - 56 = 2*f. Suppose 199*s - 193*s = v. What is the highest common divisor of s and 85?
5
Let g(s) = s**2 + 13*s + 12. Let f be g(-15). Let x = f + -42. Suppose 3*o - 30 + 27 = x. What is the greatest common divisor of 5 and o?
1
Let c = 45318 - 43523. What is the highest common divisor of 85 and c?
5
Suppose -11*x = 6789 - 7097. Calculate the greatest common factor of x and 8.
4
Suppose -6*z + 2*g = -z + 38, 0 = 3*z - 4*g + 34. Let s be 1 - (z + 10 + -115). Calculate the highest common divisor of s and 42.
14
Let b = 20805 + -13515. Calculate the highest common factor of 27 and b.
27
Suppose -3*s - 9 = 0, 2*p - 11 = -0*p + 3*s. Suppose 4*h = p + 31. Calculate the greatest common factor of 96 and h.
8
Let k be (9/5)/(5 - (-485)/(-100)) + -2. What is the greatest common factor of k and 9990?
10
Let v(x) = -x**2 + 8*x - 1. Let u be v(7). Let j be 1 + u*(-8)/(-12). Suppose m + 221 = j*h - m, 0 = -m + 2. Calculate the greatest common divisor of h and 5.
5
Let j(k) = k**3 - k**2 + k + 108. Let h be j(0). Calculate the highest common factor of h and 3051.
27
Let p be (-2124)/(-22) + (-282)/517. Let x(c) = -19*c + 7. Let u be x(-3). What is the greatest common factor of p and u?
32
Let h(r) = -1464*r - 103921. Let p be h(-71). Suppose 0 = -5*i - 5*q + 1835, -i + 2*q + 211 + 159 = 0. What is the greatest common factor of p and i?
23
Let k be 49/(1/(-24)*-2*12/8). What is the highest common factor of k and 10486?
98
Let k = 563 + -263. Let z be 28 - (8 - (11 + -7)*1). What is the highest common factor of k and z?
12
Suppose -15*i = -1344 - 1281. What is the highest common divisor of 325 and i?
25
Let s(c) = 24*c + 24. Let w be s(20). Suppose -3*v + w = -v - d, 3*d = v - 252. What is the greatest common factor of 63 and v?
63
Let p = -43 + 167. Let k = 17528 + -17524. Calculate the greatest common divisor of p and k.
4
Let y(v) be the first derivative of 11*v**2 - v + 1. Let b be y(2). Suppose -4*d + b + 29 = 0. Calculate the highest common factor of 6 and d.
6
Suppose 145*r = 124*r + 1360 - 331. Calculate the greatest common factor of 637 and r.
49
Let i(b) be the third derivative of -13*b**4/24 - 12*b**3 + 34*b**2. Let z be i(-11). Let k = -64 + z. What is the greatest common factor of 56 and k?
7
Suppose 0*o - 162680 = -16*o - 12*o. Calculate the greatest common factor of 140 and o.
70
Suppose -58*u + 12*u + 3164 = -20434. Calculate the greatest common factor of 570 and u.
57
Let m(l) be the first derivative of 5*l**3 - 7*l**2 - 7*l + 1. Let u be m(-9). Suppose -u = -4*f + 382. Calculate the greatest common factor of 39 and f.
39
Suppose -4682*u + 4620*u = -255750. What is the greatest common divisor of 1485 and u?
165
Let l = 223 + 5377. What is the highest common divisor of 14 and l?
14
Suppose n = -5*u + 4590, 3171 = 5*u - 2*n - 1404. Let a = -853 + u. What is the highest common divisor of a and 40?
8
Suppose -i + 91 = -3*z, -3*i + 5*z + 208 = 9*z. Suppose -4*p + 613 = 233. Calculate the highest common factor of i and p.
19
Suppose 74*z + 4*x = 70*z + 716, -3*z + 3*x + 543 = 0. What is the highest common divisor of z and 135?
45
Suppose 2*c + 5*k - 98 = -18, k = 4. Suppose -64*i + 17871 + 689 = 0. What is the highest common factor of i and c?
10
Suppose 3*t - p = 13, 4*p - p - 13 = -4*t. Suppose t*w = 15*w - 495. Suppose 7 = -2*y - 5*v - 7, -5*y + 3 = 3*v. What is the highest common divisor of y and w?
3
Let y(w) = w**3 - 5*w**2 + 2*w + 8. Let r be y(4). Suppose r*b - 3*b + 15 = 0. Calculate the greatest common factor of 115 and b.
5
Let m(p) = p**2 - 105*p - 1288. Let y be m(-14). Calculate the greatest common factor of 322 and y.
14
Suppose 7*a - 3*k - 4734 = 0, 5*a + 8*k - 5*k - 3366 = 0. Calculate the greatest common divisor of a and 175.
25
Let c = 20504 - 20166. Calculate the greatest common factor of 416 and c.
26
Let p(w) = -w**3 + w**2 + 14*w + 33. Let a be p(-5). Let m = 147 - a. Suppose 0 = 4*d - 2 - 6. What is the greatest common factor of m and d?
2
Suppose -2*z - 12562 = -4*f, 0*f = 5*f + 3*z - 15653. Calculate the highest common divisor of 272 and f.
16
Let w = -1255 + 1687. What is the greatest common divisor of w and 6720?
48
Let n(b) = 89*b + 27. Let d be n(-18). Let v = d - -2551. Suppose -5*o = -3*o + 4, -v = -4*f + 2*o. What is the highest common divisor of f and 27?
27
Suppose 85*l = 87*l - 8. Let x = 84 - 84. Suppose 238*c - 234*c - 40 = x. What is the highest common divisor of l and c?
2
Let n = -743 - -743. Suppose -p = -3*l - 13, n = -p - 4*l - 1 - 7. Calculate the highest common divisor of 2 and p.
2
Suppose 0 = 122*f - 118*f - 4032. Calculate the highest common divisor of f and 6.
6
Let y = 89 + -29. Let v(r) = 2*r + 54. Let l be v(-15). Let z be l - 6 - -2 - 0. What is the highest common factor of z and y?
20
Let j be -1*42/(2*-1). Suppose 5*r - 140 = 121*t - 111*t, -2*t - 42 = -2*r. Calculate the highest common divisor of r and j.
7
Let o = 20341 + 26900. What is the highest common divisor of 261 and o?
261
Let y(h) = 3*h**3 + 26*h**2 + 18*h + 9. Let b be y(-7). Calcula